What is the highest common divisor of w and h?
10
Suppose 4*a - 3*y + 8 = 17, 3*y + 9 = 3*a. Suppose a = l - 5*l + 40. Let r be 12/42 + 1536/14. What is the greatest common factor of l and r?
10
Let i = 8 + -5. Suppose -4*r = -i*s + 37, 2*r = -0*r - 8. Suppose 0 = v - s - 5. What is the highest common factor of 4 and v?
4
Let g(s) = s**3 + s**2 - 2*s - 4. Let d be g(3). Suppose -4*l + 24 = 2*v - 40, -5*v - 3*l + 139 = 0. What is the highest common divisor of v and d?
26
Let p be (-232)/(-12) + ((-6)/9)/2. Suppose -5*a + 4 = r - 30, 4*a + 26 = 2*r. Calculate the highest common factor of r and p.
19
Let q(i) = -4*i**3 - i**2 + 2*i. Let v be q(-2). Calculate the greatest common divisor of v and 64.
8
Suppose -n - 13 + 4 = -3*j, -3*j = 4*n - 24. Suppose -n*x + 4*x = 4*p, 3*p = -5*x. Let w be -1 + (p + 1 - -2). Calculate the highest common factor of 12 and w.
2
Suppose -8 = -2*x - 0*x. Suppose -80 = -2*y - x*w, -2*y - 5*w + 85 = -0*y. Let d be 10 + (1 - 0) - 1. What is the highest common divisor of d and y?
10
Let y(b) = b**2 - 11*b - 1. Let r be y(12). What is the greatest common factor of r and 33?
11
Let s be 4*-1*(-1 - 3). Calculate the greatest common factor of 112 and s.
16
Suppose -x = 3*l - 19, 2*x + 3*l - 6*l - 47 = 0. Calculate the greatest common divisor of x and 22.
22
Let k = -31 + 42. Calculate the greatest common divisor of k and 22.
11
Let w be (320/6)/(((-140)/63)/(-10)). What is the greatest common divisor of w and 60?
60
Let r = -6 - -62. Calculate the greatest common divisor of r and 140.
28
Suppose -4*w + 3*w = r - 3, -4*w = -3*r + 16. Suppose 3*t = 5*f + 3, -r*t = f + 4 + 15. Let z = f - -16. What is the highest common factor of z and 13?
13
Let i(t) = 2*t**2 - 5*t + 7. Let p be i(4). Suppose 5*u + 142 = 4*s, -2*s = 5*u - 3 - 83. What is the highest common factor of p and s?
19
Let l = 38 - 19. Suppose -2*x = -79 + l. Calculate the greatest common divisor of 20 and x.
10
Let r = 28 + 0. Suppose p - 4 = -2*m, -1 = p + m + 2*m. Calculate the highest common divisor of r and p.
14
Let h(b) = -2*b + 52. Let g be h(-16). Calculate the greatest common divisor of 12 and g.
12
Let x = -14 - -17. Suppose x*b - 280 = -b. Suppose a - 5*s - 35 = 0, 10 = 2*a + 6*s - 4*s. Calculate the highest common divisor of b and a.
10
Suppose -2*z + 3*t = 5, 4*t - 21 = -1. Let d(r) = -r**3 + 6*r**2 + 3*r - 7. Let p be d(z). What is the highest common factor of p and 22?
11
Let n = -10 - -7. Let s be n/((-3)/(-240)*-3). Calculate the greatest common factor of s and 16.
16
Suppose -11 = p - 2*p. Calculate the greatest common factor of p and 88.
11
Suppose 4*o + 117 - 33 = 0. Let i = o - -28. Calculate the highest common divisor of i and 63.
7
Let h(s) = -s**3 + 3*s**2 + 5*s - 1. Let x be h(4). What is the highest common factor of 24 and x?
3
Let s(l) = -8*l**2 + 4*l - 2. Let g be s(2). Let k be 3*(-2)/6*g. Calculate the greatest common divisor of k and 65.
13
Let o = -4 - -19. What is the greatest common factor of 5 and o?
5
Suppose 3*t + 0*t = 15. Calculate the highest common factor of 10 and t.
5
Let r = 7 - 7. Let j = r + 8. Let u = -6 + 8. Calculate the greatest common factor of j and u.
2
Let h(y) = 15*y - 46. Let f be h(18). Calculate the highest common factor of f and 32.
32
Let k = -1 - -5. Suppose -5 - 3 = -2*w. Let j = -3 + w. Calculate the highest common factor of k and j.
1
Suppose -u - 4*i = -43, -5*i = 4*u - 3*u - 48. Calculate the greatest common factor of 253 and u.
23
Suppose 0 = 3*b - 13 + 40. Let c(z) = 2*z**2 + 11*z + 14. Let h be c(b). Calculate the highest common factor of h and 7.
7
Let y be 4/22 + (-18)/(-22). Let d be (2/2 - -50)/y. Let s = d + -19. What is the greatest common factor of 48 and s?
16
Let x = -6 - -6. Suppose 4*o + u - 515 = x, o + 4*o - 634 = 2*u. Calculate the highest common factor of 16 and o.
16
Let j be ((-14)/2)/(((-78)/18)/13). Calculate the highest common divisor of j and 7.
7
Let f be (-1)/1*294/(-14). What is the greatest common factor of f and 105?
21
Let l be 4*-1*2/(-1). Suppose 4*a = 3*f - 70, -a - 2*a = 12. Let z be (1 + -1 - 2) + f. Calculate the greatest common factor of l and z.
8
Let y be -1*2/6*-9. Suppose s - 10 = y. Calculate the greatest common factor of s and 91.
13
Let m be (1 + (-5)/(-1))/(-1). Let f = m + 1. Let t = f + 9. Calculate the highest common factor of 20 and t.
4
Let y be 3*(-3)/(-36) - 1119/(-4). What is the highest common divisor of 28 and y?
28
Let p(m) = 351*m**2 + m - 1. Let f be p(1). Calculate the greatest common divisor of 39 and f.
39
Suppose 0 = -4*j + 82 + 210. Suppose 2 = 5*k - j. What is the greatest common divisor of 120 and k?
15
Suppose j - 6*j - 330 = 0. Let v = j - -129. Let r be 4/14 - (-122)/14. Calculate the highest common divisor of r and v.
9
Let z be 33/(-9)*(-10)/2*3. Calculate the greatest common divisor of 11 and z.
11
Let p(r) = -r**2 - 5*r + 37. Let i be p(-9). What is the greatest common factor of i and 1?
1
Suppose q + q - 28 = 0. What is the greatest common divisor of q and 154?
14
Suppose -3*x + 100 = x. What is the greatest common factor of 100 and x?
25
Let k(o) = -o**2 + 11*o - 13. Let a be k(8). Suppose -3*g = -8*g + 605. Calculate the greatest common divisor of a and g.
11
Let p be 9/(4 - ((-21)/(-8) - -1)). Calculate the highest common factor of 264 and p.
24
Let l(r) = 6*r**3 + 8*r**2 - 18*r. Let p be l(4). What is the highest common factor of 40 and p?
40
Suppose -18 = -4*l + 2, -4*o - 4*l + 988 = 0. What is the highest common divisor of o and 22?
22
Let r(y) = -y**3 + 23*y**2 + 2*y - 32. Let i be r(23). What is the highest common divisor of 112 and i?
14
Suppose -59*a - 4 = -63*a. Calculate the greatest common factor of 7 and a.
1
Let o(w) = -w**2 + 3*w + 4. Let h be o(3). Suppose h*s - 2 - 32 = 5*c, 3*c - 6 = 0. What is the greatest common divisor of s and 55?
11
Let h = -19 + 9. Let d = -6 - h. Suppose 5 = p - 3*l - 37, 4*p - d*l = 136. Calculate the greatest common factor of p and 45.
15
Let t be (-7)/35 + (-48)/(-15). Calculate the greatest common factor of 12 and t.
3
Let k be (-4 - (-1 + -2)) + 19. Calculate the highest common factor of k and 90.
18
Let g(k) = -k**3 + 8*k**2 + 6*k - 9. Let c be g(6). What is the highest common factor of 9 and c?
9
Let i(y) = 2*y**2 - 6*y - 2. Let a be i(5). Calculate the highest common divisor of 9 and a.
9
Let m(d) = d**3 + 10*d**2 + 9*d - 2. Suppose -4*u = -3*u - s + 3, 0 = 2*u - 3*s + 1. Let a be m(u). Calculate the highest common factor of a and 6.
6
Suppose -r - 1 = -5. Let w(o) = -o + 4. Let m be w(r). Suppose 3*u + 4*j + 2 = m, 3*u - 4 = -u - 4*j. Calculate the highest common factor of 30 and u.
6
Let i(c) = c**3 + 2*c + 2 - 4*c**2 - 9*c + 0. Let b be i(5). Let a be (-1)/(-4) - 70/b. What is the greatest common factor of 99 and a?
9
Let f = -203 - -87. Let a be ((-90)/(-8))/(6/(-32)). Let c = a - f. What is the highest common divisor of 14 and c?
14
Suppose 5*f - 6 = -1. Let d = f + 50. Suppose -2*l + 0*l = 3*c - d, 6 = -2*c. Calculate the highest common divisor of 3 and l.
3
Let r = 24 - 2. Calculate the greatest common divisor of 11 and r.
11
Let c(b) = 41*b - 2. Let g be c(2). Suppose 10 = 5*f - g. Let p be 2*(-2 - -2 - (-18)/4). What is the highest common factor of f and p?
9
Let s(b) = b**3 + 8*b**2 - 10*b - 4. Let l(p) = p**3 + 2*p**2 - 7*p - 5. Let f be l(-4). Let q be s(f). What is the greatest common divisor of q and 40?
5
Let c(a) = a**2 - 13*a + 21. Let o be c(12). What is the greatest common divisor of o and 153?
9
Let i(h) be the first derivative of h**3/3 + 3*h**2/2 - h + 2. Let a be i(-3). Let j be (a + 0)/((-4)/12). What is the greatest common factor of j and 9?
3
Suppose 2*z + 0*z = 3*f - 62, 4*f + 4*z - 96 = 0. Calculate the greatest common factor of 44 and f.
22
Let z be (9/2)/((-1)/(-14)). Let o be -2*2 - (-51 - -4). Let r = o - 1. Calculate the greatest common divisor of z and r.
21
Let y(h) be the first derivative of -h**3/3 - 8*h**2 - 16*h - 3. Let r be y(-14). Calculate the highest common factor of 48 and r.
12
Let p = 8 + -5. Calculate the highest common divisor of p and 24.
3
Let z(v) = -5*v + 1. Let j be z(-1). Let l be 26/j + 2/3. Let a = 30 - -25. Calculate the highest common divisor of l and a.
5
Let h = 24 - 19. Let j(d) = -d - 4. Let q be j(-6). Suppose -5